33 (base 12) to base 13.
30
Convert -23 (base 4) to base 11.
-10
Convert 13 (base 16) to base 15.
14
What is -2200 (base 3) in base 13?
-57
-1111 (base 2) to base 14
-11
Convert 7 (base 10) to base 16.
7
-36 (base 7) to base 12
-23
Convert -13 (base 8) to base 16.
-b
Convert 13 (base 16) to base 9.
21
-200 (base 4) to base 14
-24
What is -6 (base 14) in base 4?
-12
What is 22 (base 8) in base 6?
30
-38 (base 9) to base 2
-100011
What is 106 (base 13) in base 10?
175
What is -1b (base 15) in base 3?
-222
What is 223 (base 6) in base 15?
5c
Convert -2 (base 7) to base 4.
-2
24 (base 15) to base 14
26
Convert 143 (base 5) to base 11.
44
What is -3 (base 7) in base 12?
-3
What is -14 (base 12) in base 7?
-22
Convert -103 (base 4) to base 5.
-34
Convert -4 (base 14) to base 12.
-4
-303 (base 4) to base 3
-1220
36 (base 11) to base 6
103
What is -145 (base 7) in base 3?
-10001
-160 (base 9) to base 6
-343
111 (base 9) to base 4
1123
Convert -43 (base 7) to base 8.
-37
What is -2 (base 7) in base 13?
-2
What is -1b (base 14) in base 11?
-23
a (base 13) to base 3
101
72 (base 9) to base 13
50
Convert 35 (base 9) to base 7.
44
1023 (base 4) to base 9
83
4 (base 14) to base 7
4
Convert 12 (base 4) to base 15.
6
Convert -1011 (base 5) to base 6.
-335
Convert -2 (base 10) to base 6.
-2
-104 (base 5) to base 7
-41
What is 1b8 (base 14) in base 10?
358
What is 33 (base 10) in base 13?
27
What is 3 (base 12) in base 7?
3
Convert -e9 (base 16) to base 15.
-108
30 (base 6) to base 13
15
What is -12 (base 10) in base 5?
-22
What is -19 (base 14) in base 10?
-23
What is 40 (base 8) in base 6?
52
What is -1 (base 16) in base 12?
-1
Convert 111 (base 2) to base 5.
12
Convert 2 (base 15) to base 6.
2
0 (base 3) to base 10
0
5 (base 6) to base 8
5
What is 2 (base 12) in base 4?
2
6 (base 14) to base 10
6
105 (base 14) to base 12
149
What is -102 (base 4) in base 7?
-24
Convert e (base 16) to base 8.
16
What is -12 (base 6) in base 4?
-20
What is 1010 (base 6) in base 15?
ec
What is -110000 (base 2) in base 11?
-44
What is -1010 (base 5) in base 3?
-11211
3a (base 12) to base 4
232
Convert -130 (base 14) to base 9.
-284
0 (base 15) to base 4
0
Convert 10 (base 5) to base 4.
11
-235 (base 7) to base 5
-444
89 (base 12) to base 15
70
0 (base 15) to base 12
0
What is -1101 (base 2) in base 12?
-11
-5 (base 13) to base 7
-5
-505 (base 6) to base 4
-2321
-4 (base 5) to base 13
-4
3a (base 12) to base 11
42
What is -2013 (base 5) in base 8?
-402
Convert -98 (base 14) to base 9.
-158
Convert 2 (base 9) to base 16.
2
Convert -22 (base 3) to base 11.
-8
Convert -10 (base 7) to base 10.
-7
-12 (base 3) to base 15
-5
Convert -11102 (base 3) to base 11.
-a9
Convert -7 (base 9) to base 8.
-7
What is 126 (base 12) in base 7?
336
Convert 11 (base 5) to base 2.
110
Convert -110 (base 4) to base 13.
-17
What is -2 (base 6) in base 15?
-2
0 (base 6) to base 15
0
2 (base 4) to base 16
2
Convert 1212 (base 6) to base 12.
208
11 (base 4) to base 3
12
Convert -7 (base 13) to base 7.
-10
-1122 (base 3) to base 12
-38
What is 224 (base 11) in base 8?
414
-e (base 15) to base 11
-13
Convert 0 (base 4) to base 11.
0
10 (base 3) to base 12
3
-3 (base 16) to base 6
-3
Convert -3 (base 8) to base 5.
-3
Convert -4 (base 10) to base 11.
-4
Convert 2 (base 12) to base 5.
2
What is 100001100 (base 2) in base 14?
152
What is 95 (base 11) in base 6?
252
1 (base 13) to base 11
1
Convert -211 (base 5) to base 12.
-48
-2 (base 6) to base 15
-2
Convert -4 (base 6) to base 13.
-4
What is 3 (base 14) in base 15?
3
-1111010 (base 2) to base 12
-a2
What is 79 (base 14) in base 3?
10222
What is -10100 (base 2) in base 14?
-16
Convert 10 (base 16) to base 7.
22
-22 (base 10) to base 15
-17
What is -5 (base 10) in base 11?
-5
Convert 0 (base 3) to base 15.
0
What is 49 (base 15) in base 4?
1011
What is -3 (base 16) in base 2?
-11
-10110000 (base 2) to base 12
-128
-110 (base 8) to base 9
-80
What is -2 (base 4) in base 7?
-2
What is 9a (base 15) in base 4?
2101
What is 22 (base 3) in base 4?
20
Convert 8 (base 11) to base 4.
20
-50 (base 8) to base 11
-37
5 (base 11) to base 7
5
11 (base 3) to base 12
4
What is 5 (base 6) in base 3?
12
3 (base 6) to base 14
3
-9 (base 11) to base 4
-21
1110 (base 2) to base 9
15
What is 0 (base 14) in base 6?
0
Convert 33 (base 10) to base 8.
41
Convert 74 (base 13) to base 7.
164
5 (base 12) to base 6
5
13 (base 16) to base 12
17
Convert -14 (base 6) to base 11.
-a
Convert 123 (base 5) to base 4.
212
What is 41 (base 6) in base 13?
1c
What is -10 (base 2) in base 8?
-2
-92 (base 11) to base 16
-65
1 (base 4) to base 14
1
What is -1 (base 5) in base 6?
-1
What is -100 (base 6) in base 12?
-30
-10 (base 2) to base 3
-2
What is -2 (base 3) in base 9?
-2
3 (base 7) to base 3
10
-5 (base 7) to base 6
-5
What is 0 (base 3) in base 12?
0
-16 (base 9) to base 6
-23
What is -101101 (base 2) in base 3?
-1200
-11 (base 5) to base 16
-6
Convert 10 (base 2) to base 12.
2
Convert 0 (base 9) to base 4.
0
What is -11 (base 7) in base 2?
-1000
What is 13 (base 7) in base 11?
a
What is a (base 15) in base 3?
101
What is -22 (base 14) in base 6?
-50
What is 36 (base 12) in base 16?
2a
-32 (base 6) to base 10
-20
-101 (base 2) to base 16
-5
Convert 15 (base 15) to base 10.
20
What is 175 (base 9) in base 12?
105
Convert 21002 (base 3) to base 4.
2333
What is 1 (base 13) in base 9?
1
1b (base 13) to base 15
19
What is 8 (base 11) in base 15?
8
-197 (base 11) to base 12
-16b
-a (base 13) to base 5
-20
-13 (base 15) to base 2
-10010
Convert 1000 (base 5) to base 14.
8d
What is 15 (base 7) in base 16?
c
Convert 1 (base 16) to base 4.
1
-7 (base 16) to base 8
-7
Convert -4 (base 12) to base 3.
-11
-c (base 15) to base 16
-c
What is 110 (base 7) in base 2?
111000
Convert c4 (base 13) to base 3.
12221
Convert 2 (base 10) to base 12.
2
Convert 15 (base 8) to base 9.
14
-31 (base 4) to base 6
-21
Convert -10 (base 3) to base 13.
-3
23 (base 9) to base 2
10101
What is -2020 (base 3) in base 9?
-66
2 (base 16) to base 10
2
What is 19 (base 14) in base 12?
1b
What is -94 (base 10) in base 4?
-1132
1011111 (base 2) to base 13
74
Convert -22 (base 9) to base 12.
-18
Convert -244 (base 5) to base 6.
-202
What is 15 (base 6) in base 13?
b
What is 10 (base 3) in base 5?
3
What is -1111001 (base 2) in base 3?
-11111
Convert 100110 (base 3) to base 4.
3333
What is -112 (base 13) in base 7?
-352
-4 (base 11) to base 3
-11
0 (base 10) to base 9
0
Convert -5 (base 15) to base 5.
-10
What is -2022 (base 3) in base 10?
-62
4 (base 10) to base 6
4
1 (base 4) to base 6
1
Convert -1 (base 5) to base 13.
-1
What is 1 (base 6) in base 15?
1
6b (base 15) to base 2
1100101
What is -197 (base 10) in base 4?
-3011
What is b (base 12) in base 15?
b
1010 (base 2) to base 9
11
Convert 342 (base 7) to base 4.
2301
What is 500 (base 6) in base 11?
154
Convert -5 (base 6) to base 8.
-5
-1 (base 10) to base 5
-1
What is 48 (base 11) in base 4?
310
-10101011 (base 2) to base 11
-146
What is 4 (base 13) in base 8?
4
Convert 0 (base 4) to base 8.
0
Convert 2 (base 7) to base 6.
2
Convert -10 (base 2) to base 6.
-2
What is -10 (base 6) in base 8?
-6
What is -64 (base 16) in base 10?
-100
311 (base 4) to base 13
41
Convert 3 (base 12) to base 16.
3
23 (base 12) to base 14
1d
40 (base 8) to base 14
24
1110010 (base 2) to base 4
1302
-2 (base 14) to base 6
-2
What is -6 (base 8) in base 5?
-11
Convert -2 (base 16) to base 6.
-2
Convert 210 (base 3) to base 8.
25
Convert -11 (base 4) to base 7.
-5
Convert 0 (base 9) to base 16.
0
What is 2 (base 15) in base 9?
2
Convert 21 (base 4) to base 10.
9
0 (base 2) to base 11
0
What is 51 (base 8) in base 9?
45
What is 42 (base 6) in base 12?
22
What is 1 (base 9) in base 12?
1
130 (base 6) to base 16
36
What is 36 (base 7) in base 9?
30
Convert -a8 (base 15) to base 3.
-12212
What is -1 (base 8) in base 6?
-1
Convert -31 (base 4) to base 2.
-1101
-2 (base 13) to base 3
-2
What is -7 (base 13) in base 2?
-111
What is -2 (base 8) in base 14?
-2
What is -202 (base 7) in base 13?
-79
Convert 32 (base 9) to base 3.
1002
-10 (base 13) to base 10
-13
What is -2110 (base 4) in base 2?
-10010100
What is 1100 (base 2) in base 5?
22
2 (base 11) to base 10
2
Convert -14 (base 7) to base 11.
-10
-6 (base 8) to